{"id":15,"date":"2021-04-02T15:46:19","date_gmt":"2021-04-02T15:46:19","guid":{"rendered":"https:\/\/fett-doenerhawaii.de\/?page_id=15"},"modified":"2021-04-02T23:15:23","modified_gmt":"2021-04-02T23:15:23","slug":"doenerhawaii-fett","status":"publish","type":"page","link":"https:\/\/fett-doenerhawaii.de\/","title":{"rendered":"D\u00f6nerhawaii Fett"},"content":{"rendered":"\t\t<div data-elementor-type=\"wp-page\" data-elementor-id=\"15\" class=\"elementor elementor-15\">\n\t\t\t\t\t\t<section class=\"elementor-section elementor-top-section elementor-element elementor-element-cf1f04d elementor-section-boxed elementor-section-height-default elementor-section-height-default\" data-id=\"cf1f04d\" data-element_type=\"section\" data-e-type=\"section\">\n\t\t\t\t\t\t<div class=\"elementor-container elementor-column-gap-default\">\n\t\t\t\t\t<div class=\"elementor-column elementor-col-100 elementor-top-column elementor-element elementor-element-3111318\" data-id=\"3111318\" data-element_type=\"column\" data-e-type=\"column\">\n\t\t\t<div class=\"elementor-widget-wrap elementor-element-populated\">\n\t\t\t\t\t\t<div class=\"elementor-element elementor-element-5a632ed elementor-widget elementor-widget-heading\" data-id=\"5a632ed\" data-element_type=\"widget\" data-e-type=\"widget\" data-widget_type=\"heading.default\">\n\t\t\t\t<div class=\"elementor-widget-container\">\n\t\t\t\t\t<h2 class=\"elementor-heading-title elementor-size-default\">Wir helfen<\/h2>\t\t\t\t<\/div>\n\t\t\t\t<\/div>\n\t\t\t\t<div class=\"elementor-element elementor-element-1ff4d9c elementor-widget elementor-widget-heading\" data-id=\"1ff4d9c\" data-element_type=\"widget\" data-e-type=\"widget\" data-widget_type=\"heading.default\">\n\t\t\t\t<div class=\"elementor-widget-container\">\n\t\t\t\t\t<h2 class=\"elementor-heading-title elementor-size-default\">\u00c4rztlicher Support<\/h2>\t\t\t\t<\/div>\n\t\t\t\t<\/div>\n\t\t\t\t\t<\/div>\n\t\t<\/div>\n\t\t\t\t\t<\/div>\n\t\t<\/section>\n\t\t\t\t<section class=\"elementor-section elementor-top-section elementor-element elementor-element-2d336b2 elementor-section-boxed elementor-section-height-default elementor-section-height-default\" data-id=\"2d336b2\" data-element_type=\"section\" data-e-type=\"section\">\n\t\t\t\t\t\t<div class=\"elementor-container elementor-column-gap-default\">\n\t\t\t\t\t<div class=\"elementor-column elementor-col-50 elementor-top-column elementor-element elementor-element-2a05b9a\" data-id=\"2a05b9a\" data-element_type=\"column\" data-e-type=\"column\">\n\t\t\t<div class=\"elementor-widget-wrap elementor-element-populated\">\n\t\t\t\t\t\t<div class=\"elementor-element elementor-element-65ffef1 elementor-widget elementor-widget-image\" data-id=\"65ffef1\" data-element_type=\"widget\" data-e-type=\"widget\" data-widget_type=\"image.default\">\n\t\t\t\t<div class=\"elementor-widget-container\">\n\t\t\t\t\t\t\t\t\t\t\t\t\t\t\t<img fetchpriority=\"high\" decoding=\"async\" width=\"723\" height=\"819\" src=\"https:\/\/fett-doenerhawaii.de\/wp-content\/uploads\/2021\/04\/Fett-in-Kanister-PNG.png\" class=\"attachment-medium_large size-medium_large wp-image-24\" alt=\"\" srcset=\"https:\/\/fett-doenerhawaii.de\/wp-content\/uploads\/2021\/04\/Fett-in-Kanister-PNG.png 723w, https:\/\/fett-doenerhawaii.de\/wp-content\/uploads\/2021\/04\/Fett-in-Kanister-PNG-265x300.png 265w\" sizes=\"(max-width: 723px) 100vw, 723px\" style=\"width:100%;height:113.28%;max-width:723px\" \/>\t\t\t\t\t\t\t\t\t\t\t\t\t\t\t<\/div>\n\t\t\t\t<\/div>\n\t\t\t\t\t<\/div>\n\t\t<\/div>\n\t\t\t\t<div class=\"elementor-column elementor-col-50 elementor-top-column elementor-element elementor-element-c5ca278\" data-id=\"c5ca278\" data-element_type=\"column\" data-e-type=\"column\">\n\t\t\t<div class=\"elementor-widget-wrap elementor-element-populated\">\n\t\t\t\t\t\t<div class=\"elementor-element elementor-element-e126d82 elementor-widget elementor-widget-text-editor\" data-id=\"e126d82\" data-element_type=\"widget\" data-e-type=\"widget\" data-widget_type=\"text-editor.default\">\n\t\t\t\t<div class=\"elementor-widget-container\">\n\t\t\t\t\t\t\t\t\t<p>Hast du dir dein Gesicht an einer Ananas zerkratzt oder einfach ein Problem mit deinem Gastrointestinaltrakt?<\/p>\n<p><span style=\"text-decoration: underline;\"><strong>Kein Problem!<\/strong><\/span><\/p>\n<p>&nbsp;<\/p>\n<p>Noch w\u00e4hrend der Herstellung unseres k\u00f6stlichen D\u00f6nerhawaiis, entsteht ein Wundermittel welches gegen s\u00e4mtliche Probleme hilft.<\/p>\n<p>&nbsp;<\/p>\n<p>Weitere Hilfe bekommst du in unserer Hotline: 3667(DONR) oder&nbsp;<a href=\"http:\/\/+4952138360946\" target=\"_blank\">+4952138360946<\/a>&nbsp;aus dem Festnetz.<\/p>\t\t\t\t\t\t\t\t<\/div>\n\t\t\t\t<\/div>\n\t\t\t\t\t<\/div>\n\t\t<\/div>\n\t\t\t\t\t<\/div>\n\t\t<\/section>\n\t\t\t\t<section class=\"elementor-section elementor-top-section elementor-element elementor-element-2a990a3 elementor-section-boxed elementor-section-height-default elementor-section-height-default\" data-id=\"2a990a3\" data-element_type=\"section\" data-e-type=\"section\">\n\t\t\t\t\t\t<div class=\"elementor-container elementor-column-gap-default\">\n\t\t\t\t\t<div class=\"elementor-column elementor-col-100 elementor-top-column elementor-element elementor-element-d1de67d\" data-id=\"d1de67d\" data-element_type=\"column\" data-e-type=\"column\">\n\t\t\t<div class=\"elementor-widget-wrap elementor-element-populated\">\n\t\t\t\t\t\t<div class=\"elementor-element elementor-element-b7f4bff elementor-widget elementor-widget-spacer\" data-id=\"b7f4bff\" data-element_type=\"widget\" data-e-type=\"widget\" data-widget_type=\"spacer.default\">\n\t\t\t\t<div class=\"elementor-widget-container\">\n\t\t\t\t\t\t\t<div class=\"elementor-spacer\">\n\t\t\t<div class=\"elementor-spacer-inner\"><\/div>\n\t\t<\/div>\n\t\t\t\t\t\t<\/div>\n\t\t\t\t<\/div>\n\t\t\t\t\t<\/div>\n\t\t<\/div>\n\t\t\t\t\t<\/div>\n\t\t<\/section>\n\t\t\t\t<section class=\"elementor-section elementor-top-section elementor-element elementor-element-05d27f0 elementor-section-height-min-height elementor-section-boxed elementor-section-height-default elementor-section-items-middle\" data-id=\"05d27f0\" data-element_type=\"section\" data-e-type=\"section\" data-settings=\"{&quot;background_background&quot;:&quot;classic&quot;}\">\n\t\t\t\t\t\t<div class=\"elementor-container elementor-column-gap-default\">\n\t\t\t\t\t<div class=\"elementor-column elementor-col-100 elementor-top-column elementor-element elementor-element-add7d56\" data-id=\"add7d56\" data-element_type=\"column\" data-e-type=\"column\">\n\t\t\t<div class=\"elementor-widget-wrap\">\n\t\t\t\t\t\t\t<\/div>\n\t\t<\/div>\n\t\t\t\t\t<\/div>\n\t\t<\/section>\n\t\t\t\t<section class=\"elementor-section elementor-top-section elementor-element elementor-element-2047371 elementor-section-boxed elementor-section-height-default elementor-section-height-default\" data-id=\"2047371\" data-element_type=\"section\" data-e-type=\"section\">\n\t\t\t\t\t\t<div class=\"elementor-container elementor-column-gap-default\">\n\t\t\t\t\t<div class=\"elementor-column elementor-col-100 elementor-top-column elementor-element elementor-element-17f4c46\" data-id=\"17f4c46\" data-element_type=\"column\" data-e-type=\"column\">\n\t\t\t<div class=\"elementor-widget-wrap elementor-element-populated\">\n\t\t\t\t\t\t<div class=\"elementor-element elementor-element-294ae6b elementor-widget elementor-widget-text-editor\" data-id=\"294ae6b\" data-element_type=\"widget\" data-e-type=\"widget\" data-widget_type=\"text-editor.default\">\n\t\t\t\t<div class=\"elementor-widget-container\">\n\t\t\t\t\t\t\t\t\t<p><strong><em><span style=\"text-decoration: underline;\"><a href=\"https:\/\/fett-doenerhawaii.de\/wp-content\/uploads\/2021\/04\/images.jpg\" target=\"_blank\" rel=\"noopener\">Unser Wundermittel<\/a>\u00a0*Foodporn*<\/span><\/em><\/strong><\/p>\t\t\t\t\t\t\t\t<\/div>\n\t\t\t\t<\/div>\n\t\t\t\t\t<\/div>\n\t\t<\/div>\n\t\t\t\t\t<\/div>\n\t\t<\/section>\n\t\t\t\t<\/div>\n\t\t","protected":false},"excerpt":{"rendered":"<p>Wir helfen \u00c4rztlicher Support Hast du dir dein Gesicht an einer Ananas zerkratzt oder einfach ein Problem mit deinem Gastrointestinaltrakt? Kein Problem! &nbsp; Noch w\u00e4hrend der Herstellung unseres k\u00f6stlichen D\u00f6nerhawaiis, entsteht ein Wundermittel welches gegen s\u00e4mtliche Probleme hilft. &nbsp; Weitere Hilfe bekommst du in unserer Hotline: 3667(DONR) oder&nbsp;+4952138360946&nbsp;aus dem Festnetz. Unser Wundermittel\u00a0*Foodporn*<\/p>\n","protected":false},"author":1,"featured_media":0,"parent":0,"menu_order":0,"comment_status":"closed","ping_status":"closed","template":"elementor_header_footer","meta":{"footnotes":""},"class_list":["post-15","page","type-page","status-publish","hentry","entry"],"_links":{"self":[{"href":"https:\/\/fett-doenerhawaii.de\/index.php?rest_route=\/wp\/v2\/pages\/15","targetHints":{"allow":["GET"]}}],"collection":[{"href":"https:\/\/fett-doenerhawaii.de\/index.php?rest_route=\/wp\/v2\/pages"}],"about":[{"href":"https:\/\/fett-doenerhawaii.de\/index.php?rest_route=\/wp\/v2\/types\/page"}],"author":[{"embeddable":true,"href":"https:\/\/fett-doenerhawaii.de\/index.php?rest_route=\/wp\/v2\/users\/1"}],"replies":[{"embeddable":true,"href":"https:\/\/fett-doenerhawaii.de\/index.php?rest_route=%2Fwp%2Fv2%2Fcomments&post=15"}],"version-history":[{"count":33,"href":"https:\/\/fett-doenerhawaii.de\/index.php?rest_route=\/wp\/v2\/pages\/15\/revisions"}],"predecessor-version":[{"id":82,"href":"https:\/\/fett-doenerhawaii.de\/index.php?rest_route=\/wp\/v2\/pages\/15\/revisions\/82"}],"wp:attachment":[{"href":"https:\/\/fett-doenerhawaii.de\/index.php?rest_route=%2Fwp%2Fv2%2Fmedia&parent=15"}],"curies":[{"name":"wp","href":"https:\/\/api.w.org\/{rel}","templated":true}]}}